t/15. Calculate the highest common factor of q and 18.
18
Let h(x) = 2*x**3 + 5*x**2 - 2*x + 5. Let z be h(-4). Let r = z + 62. Let c be 4/6 - (-75)/9. What is the greatest common factor of r and c?
9
Let l(s) = -s**3 + 13*s**2 + 9*s - 9. Let p be l(6). Let z be ((-3)/(-2))/((-10)/(-180)). Calculate the highest common factor of z and p.
27
Let b = -1 - -6. Suppose 2*z - 3*p - 2 - 11 = 0, 4*p = -5*z - 2. Calculate the greatest common divisor of z and b.
1
Suppose o - 3*p - 43 = -8*p, -256 = -4*o + p. Let t(q) = q**3 + 4*q**2 - 7*q - 1. Let m be t(-5). What is the highest common factor of m and o?
9
Suppose k + 85 = 6*k. What is the greatest common divisor of 34 and k?
17
Let k be (-498)/(-21) + ((-4)/7)/(-2). Calculate the greatest common divisor of k and 12.
12
Suppose -9 = -4*u + 11. Suppose -7*w + u*w = -8. Calculate the greatest common factor of w and 10.
2
Let b = 90 + -26. Calculate the greatest common divisor of 16 and b.
16
Let g = -66 + 90. Calculate the highest common divisor of 108 and g.
12
Let k be ((-2)/(-4) + 0/(-8))*100. Calculate the greatest common divisor of 10 and k.
10
Suppose -5*d = -15 + 10. What is the greatest common divisor of 2 and d?
1
Suppose 2*a = -4*i - 2*a + 16, 4*a + 2 = -2*i. What is the greatest common factor of i and 1?
1
Let t be (-42)/(-4)*26/(-3). Let g = -41 - t. Calculate the greatest common divisor of 20 and g.
10
Let x = -128 - -184. Suppose -28 = -9*c + 7*c. What is the highest common divisor of c and x?
14
Let g = -100 + 238. What is the highest common factor of 92 and g?
46
Suppose x = 4*x - 42. What is the greatest common factor of 14 and x?
14
Let v be (-40)/(-18) + (-4)/18. Let y be 16/(-24)*(-96)/v. Calculate the highest common factor of 80 and y.
16
Suppose 3*r = -2*r + 5*w + 20, 3*r - 4*w = 9. Suppose 2*j - 3*j = 6. Let v(k) = -5*k + 5. Let s be v(j). Calculate the highest common factor of r and s.
7
Suppose -3*p = 9, -3*k = -0*k - 4*p - 27. Suppose -2*f - 1 + k = 0. What is the greatest common factor of f and 2?
2
Let w(b) = -b + 5. Let s be w(-4). Suppose 2*o + 0*o = -72. Let x = o - -63. What is the greatest common divisor of x and s?
9
Let c(m) = -2*m - 4. Let t be c(-3). Let k be 1 + (-3 + 1)*t. Let h be (-328)/(-6) + 2/k. Calculate the greatest common factor of h and 18.
18
Suppose 160 = -0*z + 4*z. Suppose z = -2*y + 104. What is the highest common divisor of 16 and y?
16
Suppose -9 = -2*k - n - 2*n, -2*k - n + 3 = 0. Suppose k*o - 5*o = -90. Let w be 18/(4/o*3). Calculate the greatest common factor of w and 3.
3
Let u(t) = t**3 - 3*t**2 + 2. Let y be u(3). Let z be (-2)/4*(y - 6). Suppose -18 = -z*n - n. Calculate the greatest common divisor of n and 42.
6
Let c(i) = 6*i - 8. Let u be c(4). What is the highest common factor of 80 and u?
16
Suppose 3*u - 1 - 2 = 0, -4*u = -4*a + 16. Suppose 4*k - 25 = -a. What is the highest common factor of 45 and k?
5
Let a(y) = y**3 + 5*y**2 - 8*y + 2. Let z be a(-6). Let x be (-146)/3 - (-1)/(-3). Let i = x + 91. Calculate the highest common divisor of z and i.
14
Suppose 45 = 7*q - 4*q. Let c be 2 - q/3 - -19. What is the greatest common divisor of 4 and c?
4
Let u be 3 + 2 + (1 - 3). Suppose f - 30 - 8 = b, -u*b = 0. Calculate the greatest common factor of f and 95.
19
Let h = -42 - -347. Suppose 0 = 5*k - 2*b - 535, -2*k - 2*b + h = k. What is the highest common divisor of k and 15?
15
Let b be 3/3 + -3 + -2. Let a = 1 - b. Calculate the greatest common factor of 55 and a.
5
Let p = -2 + 0. Let j be (p - (-1 + -2))*99. Let f be 4/(4/(-9))*-1. Calculate the greatest common divisor of f and j.
9
Let h(i) = i + 7. Let j be h(0). Let b(p) = -p**3 + 9*p**2 - 8*p - 12. Let c be b(j). Calculate the greatest common divisor of 20 and c.
10
Let n(i) = 6*i**3 + 2*i**2 - 2*i + 3. Let a be (-2)/(-4) + 6/4. Let h be n(a). What is the greatest common divisor of h and 5?
5
Suppose -1208 = -2*b + 2*i, 8*i = 3*b + 3*i - 1804. Suppose 4*v - b = 140. What is the greatest common divisor of 17 and v?
17
Let s(v) = -v**2 + 8*v - 5. Let m be s(6). Let t(w) = w**2 - 3*w - 7. Let g be t(m). What is the greatest common factor of 168 and g?
21
Suppose 4*u - 5*u + 40 = 0. What is the greatest common factor of 5 and u?
5
Suppose 34 = -y + 12. Let i = 32 + y. Let f(h) = 2*h - 3. Let a be f(4). Calculate the greatest common divisor of i and a.
5
Let m = 50 - -6. Suppose -3*j + m - 5 = 0. Let h = j + 7. What is the highest common factor of 60 and h?
12
Suppose 4*o - o = 66. Suppose -5*j + 76 = 2*w, -5*j - 133 = -5*w + o. What is the greatest common factor of 22 and w?
11
Let z = 9 - -13. Calculate the highest common factor of z and 198.
22
Suppose -4*k = -41 + 17. Calculate the highest common divisor of k and 42.
6
Let v(k) = 0 - 2*k**2 + 0*k**2 - k**3 + k + 5*k**2 + 2. Let l be 1*-1 + 5 + -1. Let b be v(l). Calculate the highest common divisor of b and 1.
1
Let q(p) = -p**2 - 7*p + 3. Let s = 9 - 5. Suppose -s = -i + 2*i. Let u be q(i). What is the greatest common factor of 165 and u?
15
Let w(p) be the second derivative of p**4/12 - 3*p**3/2 + 7*p**2 + 4*p. Let r be w(14). What is the greatest common factor of 12 and r?
12
Suppose 4*c + c = 20. Suppose c*x + 104 = 8*x. What is the highest common divisor of x and 13?
13
Suppose f = 5*f + 16. Let p(u) = 0*u**2 - 3 - u + u**3 - u - 2 + 4*u**2. Let i be p(f). What is the greatest common divisor of 2 and i?
1
Suppose 2*m = 7*m - 5, -3*m = -2*p + 25. What is the highest common divisor of p and 28?
14
Suppose 16 = -5*f + 1. Let p = 13 + -13. Let g = p - f. What is the highest common factor of g and 2?
1
Let a = 3 - -4. Suppose -3*q = -a - 2. Suppose q*u - 9 = 15. Calculate the greatest common factor of 72 and u.
8
Let w be -55*((-72)/10)/3. What is the highest common factor of w and 12?
12
Suppose -r - 2*k + 14 = 0, r - 23 = -r - 3*k. Let q be (143 - -5)*2/r. Suppose -5*x + q + 46 = 0. Calculate the greatest common divisor of x and 12.
12
Let x(i) = 2*i**3 - i**2 - 4. Let g be x(2). Suppose -3*u + 10 = 4. What is the greatest common divisor of g and u?
2
Suppose 123 + 333 = 3*d. Suppose -3*h = 4*o - 70, -2*o - 3*o + 3*h = -101. What is the highest common divisor of d and o?
19
Suppose -4*p + 31 = 7. Suppose -3*l = -9, 5*g - 3*l = g + 135. What is the greatest common divisor of p and g?
6
Suppose 80 = 5*j - 5*o, -j + 5*o - 2*o + 8 = 0. Let y be (-31 + 1)*4/(-6). What is the highest common factor of j and y?
20
Let t = 7 - 3. Calculate the highest common factor of t and 44.
4
Let s(r) = -10*r + 15. Let w be s(-6). What is the greatest common divisor of 50 and w?
25
Let v be (-24)/((-3)/33*1). Calculate the highest common factor of 24 and v.
24
Suppose -3*h + 5 + 1 = 0. Suppose -7*b = -h*b - 260. Calculate the greatest common divisor of 13 and b.
13
Suppose n - 124 = 38. Suppose 13*d + 90 = 18*d. Calculate the greatest common factor of n and d.
18
Suppose 17 = -8*z + 121. What is the greatest common divisor of 13 and z?
13
Let u = -5 + 23. Let w(t) = 28*t - 1. Let y(g) = -g - 2. Let p be y(-3). Let x be w(p). What is the highest common factor of u and x?
9
Let o(s) = -s**2 + 5*s + 9. Let p be o(5). Calculate the greatest common divisor of 18 and p.
9
Let a be (2 + -1)/(4/12). Suppose -5*m = -a*m - 338. Let l = -118 + m. Calculate the greatest common factor of 34 and l.
17
Let r(w) = w**2 + 4*w - 6. Let t be r(-6). Let f(z) = 30*z + 1. Let l be f(-1). Let m = l + 59. Calculate the greatest common divisor of m and t.
6
Let f = -13 - -19. Let y = f - 8. Let i be 3/y*8/(-6). What is the greatest common factor of i and 10?
2
Let u = 6 - -7. Let d = -97 + 57. Let s = 66 + d. What is the greatest common divisor of s and u?
13
Let z(n) = 3*n**2 - 10*n + 7. Let i be z(7). Let x(o) = -o**2 + 7*o + 6. Let l be x(6). Calculate the highest common factor of l and i.
12
Let w be (-4 - (-5)/(-5))*-1. Let g = 0 - -2. Suppose g = 3*p - 1, 335 = 5*o + w*p. What is the greatest common divisor of o and 6?
6
Suppose 2*h = -h. Let n = h - -4. Suppose -18 = -n*x + 62. Calculate the greatest common factor of 10 and x.
10
Suppose -5*n + 0*d + 3*d + 20 = 0, n = -3*d + 4. Let t be -1 + n/(-2) + 15. What is the highest common divisor of t and 96?
12
Let f be (-1 - 2)/((-18)/456). Suppose 0 = -3*m - 4*r - 32, 2*m - 3*r = -2*m - f. Let t be 4/m - 170/(-8). What 